the highest common factor of 54659 and 50112365?
4969
Calculate the highest common factor of 48367466 and 1442.
14
Calculate the highest common factor of 800665 and 50.
5
What is the greatest common factor of 198940794 and 2034?
678
Calculate the highest common factor of 44123980 and 740.
740
Calculate the highest common factor of 1590 and 5837940.
30
What is the greatest common factor of 278575158 and 204?
102
Calculate the highest common factor of 23429736 and 7425.
297
What is the greatest common divisor of 20474040 and 488?
488
Calculate the highest common factor of 10970358 and 2289.
21
Calculate the highest common factor of 296 and 29966448.
296
What is the greatest common divisor of 3521 and 4907?
7
Calculate the greatest common divisor of 18388 and 497216117.
4597
Calculate the greatest common factor of 96 and 269156004.
12
What is the greatest common divisor of 2878020 and 293230?
590
Calculate the greatest common factor of 96 and 4859886.
6
What is the greatest common divisor of 4 and 2017412?
4
What is the greatest common factor of 12284616 and 54?
6
Calculate the highest common factor of 3810 and 3855.
15
What is the highest common factor of 19512 and 16938?
18
Calculate the highest common divisor of 927585 and 1620.
135
Calculate the greatest common divisor of 63360 and 601216.
1408
What is the highest common divisor of 13991989 and 22?
11
Calculate the highest common factor of 18 and 160739490.
6
What is the highest common divisor of 792 and 6770556?
36
Calculate the highest common divisor of 18732 and 20309948.
892
What is the greatest common factor of 62334899 and 1702?
851
Calculate the greatest common factor of 9449 and 50632037.
859
What is the highest common divisor of 9950240 and 64?
32
Calculate the highest common factor of 923 and 8934783.
13
What is the greatest common divisor of 4457758 and 4792?
1198
Calculate the highest common factor of 200 and 6734.
2
Calculate the highest common factor of 7714 and 1459164.
406
What is the greatest common divisor of 12533360 and 1680?
560
What is the highest common divisor of 9 and 2352381?
3
Calculate the greatest common divisor of 1727 and 2543086.
157
What is the greatest common divisor of 52858656 and 3456?
864
What is the greatest common factor of 1589 and 53332969?
227
Calculate the highest common factor of 217529 and 2503603.
577
Calculate the highest common factor of 646424 and 1448.
8
Calculate the highest common divisor of 40 and 11814536.
8
Calculate the greatest common factor of 18507776 and 392.
56
What is the greatest common divisor of 1728973 and 5063?
83
What is the highest common divisor of 676 and 98879534?
338
What is the greatest common divisor of 25239 and 21656673?
537
Calculate the highest common factor of 17565 and 18075.
15
Calculate the greatest common factor of 1119 and 37490603.
373
Calculate the highest common divisor of 628 and 1511110556.
628
What is the highest common factor of 26321823 and 9?
9
Calculate the greatest common divisor of 2352 and 27342049.
49
Calculate the greatest common factor of 1562590830 and 7890.
7890
What is the highest common divisor of 3338 and 245714?
2
Calculate the highest common factor of 34450709 and 2651.
241
Calculate the highest common factor of 499111 and 456.
19
Calculate the greatest common factor of 372 and 6200248.
124
What is the greatest common factor of 247059 and 288963?
873
Calculate the greatest common factor of 1864 and 119888.
8
Calculate the greatest common divisor of 544 and 60352672.
32
Calculate the greatest common divisor of 6672582 and 756.
126
What is the greatest common factor of 820 and 60694350?
410
What is the greatest common factor of 25504 and 632448?
32
Calculate the greatest common factor of 20818015 and 304.
19
Calculate the highest common divisor of 34408150 and 148.
74
What is the highest common divisor of 2 and 133824874?
2
What is the greatest common divisor of 948 and 20594668?
316
Calculate the highest common divisor of 22563504 and 576.
144
What is the highest common factor of 8235381 and 297?
33
Calculate the highest common factor of 685654 and 276148.
262
What is the greatest common factor of 90 and 4039092?
18
Calculate the greatest common divisor of 122137 and 36311.
3301
Calculate the greatest common divisor of 2944 and 106084.
4
What is the greatest common factor of 85347878 and 308?
154
What is the greatest common factor of 180 and 9529398?
18
What is the greatest common divisor of 21400 and 1901600?
200
Calculate the greatest common factor of 2666 and 126535025.
1333
Calculate the highest common factor of 1688643201 and 6433.
6433
Calculate the highest common factor of 195190 and 106765.
655
What is the highest common factor of 15 and 161079615?
15
What is the highest common factor of 168156 and 141168?
2076
What is the greatest common divisor of 589360 and 993220?
1060
Calculate the highest common divisor of 1430 and 97513570.
110
What is the highest common divisor of 20961 and 1287?
9
Calculate the greatest common factor of 117 and 40041072.
9
What is the greatest common divisor of 293 and 403215173?
293
Calculate the highest common divisor of 5898082 and 8126.
34
What is the greatest common factor of 464 and 5859088?
16
Calculate the highest common divisor of 137041 and 94987.
43
Calculate the greatest common factor of 11280542 and 3458.
182
Calculate the greatest common divisor of 402822 and 6382602.
2502
Calculate the highest common divisor of 3364 and 4612.
4
What is the greatest common factor of 7212 and 3300?
12
Calculate the greatest common divisor of 564104 and 1117664.
5272
Calculate the highest common factor of 5758 and 3398.
2
What is the highest common factor of 46 and 13093187?
23
Calculate the greatest common divisor of 61838 and 27566.
14
What is the highest common divisor of 113092 and 16954?
98
Calculate the greatest common divisor of 32863 and 2830117.
557
What is the highest common factor of 7689 and 96?
3
Calculate the highest common divisor of 715041 and 2285064.
1917
Calculate the greatest common divisor of 52041 and 2965083.
627
Calculate the greatest common divisor of 1925272 and 2048.
8
Calculate the greatest common divisor of 4897530 and 70907.
1649
Calculate the greatest common factor of 2429 and 2726633.
7
What is the highest common factor of 28893768 and 96?
24
Calculate the highest common factor of 2594331 and 621.
207
Calculate the greatest common divisor of 12100 and 288400.
100
What is the greatest common divisor of 462 and 2089080?
42
Calculate the greatest common divisor of 988 and 202483.
19
Calculate the highest common factor of 51342903 and 1419.
129
What is the highest common divisor of 7181784 and 648?
648
What is the highest common divisor of 45 and 17444715?
15
What is the highest common divisor of 1140 and 15971970?
570
Calculate the greatest common factor of 44 and 51144556.
4
Calculate the greatest common factor of 99400 and 266280175.
12425
What is the highest common factor of 30970616 and 6968?
536
What is the highest common divisor of 98049 and 490?
49
Calculate the greatest common factor of 100781567 and 3895.
779
What is the greatest common divisor of 1110 and 551026755?
555
What is the highest common divisor of 161 and 4120487?
7
What is the greatest common divisor of 286293 and 52220?
7
What is the greatest common divisor of 478 and 256922?
2
Calculate the greatest common factor of 1255772 and 168.
28
What is the highest common divisor of 179363 and 60507?
83
What is the highest common divisor of 477378 and 1746?
18
What is the highest common divisor of 2664 and 76549707?
333
Calculate the highest common factor of 2492472 and 447.
447
Calculate the greatest common divisor of 8866 and 276562.
286
Calculate the highest common factor of 979197 and 56513.
31
Calculate the greatest common divisor of 467558888 and 4.
4
Calculate the greatest common factor of 144 and 10318632.
24
What is the highest common factor of 246662090 and 80?
10
What is the greatest common factor of 20778732 and 12?
12
What is the highest common factor of 455 and 3235895?
65
What is the greatest common factor of 8613821 and 1115?
223
Calculate the highest common divisor of 8642 and 1248392.
58
Calculate the greatest common factor of 21906 and 893278.